 - 2617 = -q. Calculate the greatest common factor of q and 33.
33
Suppose -5 = x, 2*k = k + 4*x + 32. Calculate the greatest common factor of k and 5.
1
Let q be (-3)/(2*1/(-10)). Let w = q + -11. Let p be (-6)/w*(-220)/6. What is the greatest common factor of 11 and p?
11
Suppose -1466 + 7271 = 43*f. What is the highest common factor of f and 108?
27
Suppose -3*j - 2*z - 32 = -7*j, -2*j + 14 = -2*z. Let i be 0*3*(-6)/18. Suppose 4*u - j - 47 = i. What is the highest common factor of 14 and u?
14
Let w = 323 - 233. Let n(g) = -5*g + 2. Let m(t) = -6*t + 2. Let r(h) = -5*m(h) + 4*n(h). Let i be r(2). What is the greatest common divisor of i and w?
18
Let d(o) = -4 - o + 5*o + 9*o**2 + o. Let u be d(-4). Let j be (-54)/(-48)*4096/96. Calculate the greatest common factor of u and j.
24
Suppose -1804 = -7*d - 530. Calculate the greatest common factor of 42 and d.
14
Suppose -4*l - 1 = 7, -186 = -4*k + 5*l. Let q = 5 - 9. Let z = 0 - q. Calculate the greatest common factor of k and z.
4
Suppose 1 = -3*n + 7. Suppose -k - 28 = -n*k. Calculate the greatest common divisor of 4 and k.
4
Let o = 43 + -31. Let i = -212 + 308. Calculate the highest common factor of i and o.
12
Suppose 31 = 3*v + 19. Suppose 0 = -5*z - 5*x + 365, -3*z - 52 + 267 = v*x. Let d = -4 + 15. Calculate the highest common divisor of z and d.
11
Suppose -22 = -4*u + 70. Suppose -79 + u = -7*q. What is the greatest common factor of q and 4?
4
Let a = 110 - 26. Suppose -z + 0*z + 5 = 0. Suppose d - 4 = 0, -12 = -z*y + 5*d + 28. Calculate the greatest common divisor of y and a.
12
Let a be 8/5*(-15)/(-2). Suppose 319 = 3*p + 283. Calculate the greatest common divisor of p and a.
12
Let a(b) = 31*b - 25. Let m be a(8). Suppose i - 3*w = -0*i + 91, -w = 3*i - m. Suppose j + 7 = 26. Calculate the greatest common divisor of i and j.
19
Let u be -10*3*95/(-57). Suppose -2*h - 30 = -2*f + 3*h, h = 2. What is the highest common divisor of u and f?
10
Let b(y) be the first derivative of y**4/2 - y + 5. Let w be b(1). Suppose 3*x - 2*a - 7 = 0, 4 = 5*a - w. Calculate the highest common divisor of x and 21.
3
Let w(z) = 134*z + 2. Let v be w(5). Calculate the highest common divisor of 21 and v.
21
Suppose -8*m = -5*m - 6. What is the greatest common factor of m and 17?
1
Let u be (-58236)/(-621) - (-4)/18. Calculate the highest common divisor of u and 658.
94
Let m be -4 + (-37618)/(-70) + (-2)/5. Calculate the highest common factor of m and 52.
13
Suppose 436 = 10*z - 744. Calculate the greatest common factor of 59 and z.
59
Let f(b) = b**3 + 7*b**2 - b + 2. Let r be f(-7). Let g(a) = -2*a**2 + a + 1 + 4*a + 3*a**2 + 2. Let j be g(-5). Calculate the highest common factor of r and j.
3
Let n(s) = 3*s**2 + 5 + 5 + 3*s - 4*s**2 + 2*s. Let v be n(6). Let j be 1*(-2)/2 + 7. What is the highest common factor of j and v?
2
Let k be (-2)/(-8) - 6/(-8). Let v = -48 + 50. Suppose -v*q + 4*z - 9 + k = 0, -z + 11 = 4*q. What is the greatest common factor of 14 and q?
2
Let w(z) = -z**2 + 11*z - 4. Let f be w(9). Let o be 8 - (0 - (2 - 6)). Suppose o*p = p + 42. Calculate the highest common factor of f and p.
14
Let s = 3 - -3. Let x = 1 + s. Suppose -4*q + 26 = -o, 0*q + 3*q = -2*o + 25. What is the greatest common divisor of x and q?
7
Suppose 0*q = -4*q + 32. Suppose -3*t = -q*t. Let c be -1*(t - (-28)/(-4)). Calculate the greatest common divisor of 1 and c.
1
Let o be (-78 + -70)/((-1)/(13 + -2)). Calculate the greatest common factor of o and 74.
74
Suppose 402 = k - 159. Let a = -351 + k. What is the highest common divisor of 30 and a?
30
Suppose 29*r - 11*r - 6210 = 0. What is the highest common factor of r and 3?
3
Let p be 12/9*(0 + 3). Suppose -5*t - 5*n = -25, -p*n + 11 = -1. Calculate the greatest common divisor of t and 14.
2
Let p = 44 - 4. Suppose 28*l - 20 = 26*l. Calculate the greatest common divisor of p and l.
10
Suppose -4*i + 20 = -0*i. Let v = i - 15. Let h(g) = g**2 + 9*g + 1. Let q be h(v). What is the highest common divisor of q and 22?
11
Let l(t) = 2*t**3 + 33*t**2 + 45*t + 77. Let o be l(-14). What is the greatest common divisor of o and 122?
61
Let z(h) = -4*h + 270. Let p be z(36). What is the highest common factor of p and 147?
21
Suppose 19 = 3*v - 23. Let h = 16 - -18. Suppose -f + 22 + h = 0. Calculate the greatest common divisor of f and v.
14
Let k = 14 + -5. Let s(m) = 18*m**2 + 299*m + 34. Let o be s(-17). Calculate the greatest common divisor of k and o.
9
Let o = 27 + 19. Let p be (((-5)/(-2) + (-48 - -46))*-46)/(-1). What is the highest common factor of p and o?
23
Suppose 5*u + 3*d = 1494, 4*u = -20*d + 15*d + 1190. Calculate the greatest common divisor of 84 and u.
12
Let g(l) = -l**3 - 2*l**2 + 36*l + 131. Let k be g(-6). Calculate the greatest common factor of 5 and k.
1
Let v be (((-2)/2)/3)/(16/(-96)). Suppose g + 96 = v*k - k, 3*k + 4*g = 316. What is the greatest common divisor of 20 and k?
20
Let d(g) = -2*g - 20. Let p be d(-11). Suppose p*n - 4 = -2*n. Calculate the greatest common divisor of 7 and n.
1
Let l(c) = 3*c + 14. Let s = -6 + 6. Let y be l(s). Calculate the highest common divisor of y and 2.
2
Let o(c) = -34*c**3 + 6*c**2 - c - 2. Let h be o(2). Let l = h - -468. Calculate the greatest common divisor of l and 27.
27
Suppose -8*b + 364 = 18*b. What is the highest common divisor of b and 189?
7
Let p = -177 - -249. Suppose -25*a + 126 = -18*a. What is the highest common divisor of p and a?
18
Suppose 2*l = n + 881, 5*l - n - 1761 = l. Calculate the greatest common divisor of 132 and l.
44
Suppose 4 = -u, 4*o - 559 = 5*u + 289. What is the highest common divisor of 23 and o?
23
Let g(n) be the third derivative of n**5/20 - n**4/12 + 3*n**2. Let d be g(-1). What is the greatest common factor of d and 25?
5
Let n(d) = d + 4. Let s(q) = 2*q + 12. Let a(m) = -7*n(m) + 2*s(m). Let w be a(-5). Let f = w + 3. What is the greatest common factor of f and 56?
14
Let b(u) = u**2 + 7*u. Let m be b(-8). Let l(x) = 30*x - 20. Let d be l(m). Calculate the greatest common factor of 20 and d.
20
Let a(h) = 66*h + 133. Let z be a(-2). What is the greatest common divisor of 81 and z?
1
Let p = -862 - -892. Calculate the greatest common factor of p and 630.
30
Let i(u) = -u**3 + 20*u**2 - 40*u - 31. Let x be i(17). What is the highest common divisor of x and 39?
39
Let p(k) = -k - 10. Let s be p(-3). Let d(c) = 4*c**2 + 7*c + 5. Let z be d(s). Let j = 35 + -16. What is the highest common factor of z and j?
19
Let q be (-5)/(-20) + 70/8. Let k be (-1)/((18/105)/(-6)). Let n be 4/(-14) + 325/k. Calculate the greatest common divisor of n and q.
9
Let w be 87568/52 - (-7 - 1). Calculate the highest common divisor of 36 and w.
36
Let q(p) = p**3 - 4*p**2 + 3*p + 3. Suppose 3*m = -m + 12. Let x be q(m). Let t = x + 3. What is the highest common divisor of t and 12?
6
Let s be 6*6/126 + (-12)/(-7). Let r be (1/s)/(20/8 + -2). What is the greatest common divisor of r and 7?
1
Suppose 592 = -59*v + 1831. What is the greatest common factor of v and 469?
7
Suppose -2*d = -4*d + 110. Let r = d - 51. What is the greatest common divisor of r and 36?
4
Let h = 28 + -17. Let d(j) = -12*j - 86. Let g be d(-9). What is the highest common divisor of g and h?
11
Let u be (60/(-9) + 5)*-3. Calculate the greatest common divisor of 40 and u.
5
Let u be 3 + 15 - 0/(-3). Suppose -2*p + 0*p = -u. What is the greatest common factor of 45 and p?
9
Suppose 3*r = y - 4*y + 117, -4*r + 76 = 2*y. Let o be (-228)/(-14) - (-4)/(-14). What is the greatest common divisor of y and o?
8
Let z be 2/8 - (-7150)/104. Suppose -2*a - 4 - 23 = -f, -a = 2*f - 44. What is the greatest common factor of z and f?
23
Let x(k) = k**3 + 11*k**2 + k - 7. Let u be x(-11). Let z = u - -19. Let p be (1 - 0)*z - -11. What is the highest common factor of 6 and p?
6
Let t = 13 + -11. Suppose -5*b - 3*d = -d - 30, 0 = 4*b + 3*d - 31. Suppose 4 = b*s - 0*s. What is the highest common divisor of s and t?
1
Suppose 8*w - 10*w = -42. What is the highest common divisor of w and 168?
21
Suppose 4*w + 8 = 12. Let j be -4 + (w + -3 - -17). Calculate the highest common factor of j and 11.
11
Let i = 172 + -116. Calculate the greatest common factor of 56 and i.
56
Suppose 2*z + 4*v + 4 = 2, 0 = -v - 5. Suppose u - z = -5*s + 29, -